y**3 - 313*y**2 - 512*y + 34203. Give a(-311).
-7
Let x(f) = 2*f**3 + 177*f**2 - 2744*f + 884. Determine x(-102).
-136
Let s(k) = -2*k**3 + k**2 + 18*k - 19. Calculate s(7).
-530
Let i(q) = -440*q + 1363. Determine i(4).
-397
Let z(p) = 276*p**2 - 1269*p - 550. What is z(5)?
5
Let d(v) = -v**3 - 366*v**2 + 9773*v + 50. Give d(25).
0
Let s(m) = 37*m - 3032. Give s(64).
-664
Let h(f) = -1633*f - 27635. Calculate h(-17).
126
Let o(b) = b**3 + 37*b**2 - 2*b + 71. Give o(-37).
145
Let t(s) = -24*s**3 + 337*s**2 - 13*s - 15. Determine t(14).
-1
Let w(d) = -2*d**3 + 245*d**2 + 966*d - 39. Determine w(-4).
145
Let s(h) = -h**3 + 308*h**2 - 1831*h + 5762. Give s(302).
24
Let y(r) = -r**2 - 1285*r - 29028. What is y(-23)?
-2
Let y(b) = 77*b**2 + 2320*b + 659. Determine y(-30).
359
Let v(o) = 3*o**3 - 19*o**2 + 13*o - 182. Determine v(0).
-182
Let a(g) = g**3 + 31*g**2 - 20643*g + 508. Calculate a(129).
121
Let p(q) = -1734953*q - 13879626. Determine p(-8).
-2
Let u(y) = -2*y**3 - 429*y**2 - 1048*y + 2498. Determine u(-212).
-46
Let v(h) = -h**3 - 3006*h**2 + 162106*h + 1118. Give v(53).
5
Let w(v) = 168467*v + 673855. Give w(-4).
-13
Let k(m) = 2332*m + 1450513. Calculate k(-622).
9
Let q(r) = -3*r**3 - 259*r**2 - 100*r - 1104. Determine q(-86).
100
Let t(l) = -6*l**2 - 3346*l - 335361. What is t(-131)?
-1
Let v(s) = 49*s**3 - 11683*s**2 - 6697*s + 1204. What is v(239)?
9
Let b(m) = -8*m**3 - 92*m**2 + 3547*m - 439. Give b(16).
-7
Let v(n) = -n**3 - 26*n**2 - 92*n + 136. Give v(-12).
-776
Let i(b) = -2452*b + 34665. Calculate i(14).
337
Let b(x) = 837*x - 6356. Determine b(7).
-497
Let c(q) = 30*q**3 - 10*q**2 - 1184*q - 1174. Calculate c(-1).
-30
Let y(x) = 5*x**3 - 195*x**2 + 244*x - 2007. Give y(38).
45
Let g(d) = -2*d**2 - 3664*d - 18298. Calculate g(-5).
-28
Let k(o) = 2*o**3 + 13*o**2 - 108*o - 48. Give k(-10).
332
Let y(r) = 15*r**2 - 1428*r - 55876. What is y(125)?
-1
Let s(k) = 109*k - 2397. Give s(22).
1
Let v(l) = -75559*l + 20778730. Determine v(275).
5
Let b(n) = -2336*n + 1710085. Calculate b(732).
133
Let j(t) = 8*t**3 - 33*t**2 + 47*t + 6. What is j(4)?
178
Let m(p) = -7*p**2 + 1614*p - 2457. Determine m(229).
62
Let z(b) = b**3 + 39*b**2 - 846*b - 34755. What is z(-34)?
-211
Let k(o) = -22*o**2 + 2877*o + 45407. Determine k(145).
22
Let t(w) = -112*w - 6919. Give t(-70).
921
Let s(f) = f**3 + 187*f**2 - 581*f - 836. Give s(-190).
1254
Let d(u) = 106*u**3 - 11*u**2 + 22*u - 4. What is d(1)?
113
Let l(w) = -18517*w + 17772. Give l(1).
-745
Let m(n) = n**2 - 1122*n + 52590. Determine m(50).
-1010
Let h(u) = 2*u**2 - 630*u + 23005. Determine h(42).
73
Let o(a) = -a**3 - 72*a**2 - 1247*a - 210. Give o(-43).
-210
Let s(l) = -4830*l + 14616. What is s(3)?
126
Let f(v) = 7*v**2 + 98*v - 645. Calculate f(-18).
-141
Let z(y) = -y**2 - 3743*y + 60126. Give z(16).
-18
Let x(f) = -4315*f - 366725. What is x(-85)?
50
Let l(p) = -58*p**2 + 7249*p - 209. Give l(125).
-334
Let q(s) = 3*s**3 - s**2 + 226*s - 1134. Give q(5).
346
Let g(a) = a**3 + 34680*a**2 - 104048*a + 9. Give g(3).
12
Let i(l) = -233613*l - 1635286. What is i(-7)?
5
Let o(t) = 144*t**3 - 86*t**2 - 252*t + 49. Determine o(-3).
-3857
Let x(b) = b**3 + 27*b**2 + 9704*b + 272492. Determine x(-28).
-4
Let z(w) = -88*w + 2523. Give z(32).
-293
Let n(w) = -w**2 + 7656*w + 712816. What is n(-92)?
0
Let j(d) = 2104*d - 8151. Give j(4).
265
Let l(g) = -2*g**2 + 8231*g - 2703960. Give l(360).
0
Let z(b) = -b**2 - 93*b + 601. Determine z(-91).
783
Let g(c) = c**3 + 72*c**2 - 32*c - 81. Give g(-73).
-3074
Let m(o) = 384*o + 95591. Calculate m(-249).
-25
Let g(n) = 3*n**3 + 93*n**2 - 17*n - 1724. Determine g(-30).
1486
Let i(h) = -2*h**3 + 3*h**2 + 68*h - 422. What is i(8)?
-710
Let h(t) = t**3 - 16*t**2 - 1152*t - 383. What is h(43)?
4
Let c(q) = 146*q + 7051. What is c(-45)?
481
Let w(x) = -14316*x - 271996. Determine w(-19).
8
Let u(l) = -17004*l + 68251. What is u(4)?
235
Let s(d) = -4*d**3 + 2323*d + 2325. What is s(-1)?
6
Let t(w) = w**3 - 45*w**2 - 260*w + 189. Give t(50).
-311
Let f(v) = v**2 - 9046*v - 181271. Calculate f(-20).
49
Let c(q) = q**3 + 107*q**2 + 895*q + 39287. Give c(-102).
17
Let i(d) = -d**2 + 4465*d + 754363. What is i(-163)?
-1
Let f(k) = 1171*k - 9415. Determine f(8).
-47
Let r(q) = 3*q**2 - 218*q + 3065. Give r(37).
-894
Let v(j) = j**2 - 36271*j + 471365. Determine v(13).
11
Let o(v) = 952*v**2 + 9511*v + 42. Calculate o(-10).
132
Let k(r) = -r**3 + 21*r**2 + 19*r - 593. Give k(15).
1042
Let x(p) = -p**3 - 45*p**2 + 551*p + 41. Give x(-55).
-14
Let b(q) = -2*q**2 - 34131*q + 273139. Give b(8).
-37
Let n(o) = 231*o - 3998. Determine n(18).
160
Let l(s) = s**2 - 3695*s - 25877. What is l(-7)?
37
Let z(y) = -3105*y - 24927. Determine z(-8).
-87
Let x(y) = 3*y**3 - 88*y**2 - 67*y - 141. Calculate x(31).
2587
Let f(d) = d**3 - 38*d**2 + 360*d - 41. Determine f(16).
87
Let p(n) = 293*n**2 + 116322*n + 403. Give p(-397).
6
Let v(i) = -24873*i + 298474. Determine v(12).
-2
Let h(r) = -64*r - 1225. Determine h(-14).
-329
Let j(q) = 119*q**2 + 168*q - 169. Give j(1).
118
Let v(i) = 7*i**2 - 314*i + 2199. What is v(7)?
344
Let u(m) = -71*m + 5969. Determine u(82).
147
Let s(c) = 9*c**2 + 493*c - 1223. What is s(-57)?
-83
Let s(g) = -40506*g - 1174685. Determine s(-29).
-11
Let v(t) = 6*t**2 + 28*t + 144. Calculate v(7).
634
Let j(l) = -124102*l + 24199892. Give j(195).
2
Let y(a) = -9*a**3 - 41*a**2 + 347*a + 4. Determine y(4).
160
Let s(d) = 35*d**3 - 22*d**2 - 93*d + 9. What is s(-2)?
-173
Let l(u) = -14*u**2 + 40777*u - 163066. Give l(4).
-182
Let m(l) = -3*l**3 - 65*l**2 - 549*l - 16. Give m(-12).
2396
Let n(r) = 32*r**3 - 11139*r**2 + 1080*r - 12523. What is n(348)?
5
Let f(h) = -7*h**2 + 6284*h - 134848. What is f(22)?
12
Let n(p) = -244*p**2 + 37305*p + 4180. What is n(153)?
49
Let t(c) = 4*c**3 + 56*c**2 + 127*c - 37. Determine t(-11).
18
Let a(i) = 657*i + 259335. What is a(-395)?
-180
Let x(g) = -4777*g + 1523917. Calculate x(319).
54
Let i(g) = 92*g**2 + 2477*g + 46. What is i(-27)?
235
Let w(l) = -929*l + 14852. Calculate w(16).
-12
Let y(q) = -587*q - 8902. Give y(-15).
-97
Let u(i) = -2*i**2 - 136*i + 628. What is u(-73)?
-102
Let h(m) = -13*m**2 + 36*m + 93. Calculate h(-2).
-31
Let l(f) = -33*f + 5886. What is l(198)?
-648
Let o(z) = z**3 - 2651*z**2 - 13300*z - 106. Determine o(-5).
-6
Let a(q) = 50*q + 724. Determine a(-17).
-126
Let o(s) = s**2 - 440*s + 17071. Give o(397).
0
Let z(v) = v**3 - 1287*v**2 + 333168*v - 5742. Calculate z(359).
2
Let r(b) = -332*b**2 - 9358*b - 1729. Determine r(-28).
7
Let u(r) = 2*r**3 - 15*r**2 + 52*r + 249. Calculate u(6).
453
Let s(m) = 34*m**3 - 310*m**2 + 94*m - 9. What is s(6)?
-3261
Let y(c) = 123218*c + 739474. Determine y(-6).
166
Let s(u) = 72*u**2 + 563*u - 329. Calculate s(-11).
2190
Let f(d) = -10327*d + 10669. Give f(1).
342
Let v(b) = 11715*b - 47089. Give v(4).
-229
Let n(s) = 65*s**2 + 194*s + 13. Give n(-3).
16
Let a(f) = -145*f**2 + 26825*f - 98. What is a(185)?
-98
Let p(x) = -5*x**2 - 188*x + 2592. Determine p(15).
-1353
Let w(f) = 838*f**2 + 3988*f + 2538. What is w(-4)?
-6
Let n(i) = -3373*i - 23618. Calculate n(-7).
-7
Let y(b) = b**3 + 42*b**2 - 532*b - 22850. Calculate y(-40).
1630
Let t(k) = 3544*k + 43026. Determine t(-12).
498
Let a(f) = 453718*f - 1361158. What is a(3)?
-4
Let j(q) = 157*q - 573. Determine j(4).
55
Let a(i) = -21299*i - 170399. Determine a(-8).
-7
Let u(j) = -3381*j**2 + 1798. Calculate u(0).
1798
Let a(d) = d**3 + 227*d**2 + 6235*d - 52. Calculate a(-32).
108
Let h(g) = g**2 + 12*g - 6104. Determine h(-86).
260
Let y(z) = -23*z**2 + 159308*z - 636870. What is y(4)?
-6
Let s(l) = -l**2 - 106*l + 8207. Determine s(60).
-1753
Let m(t) = t**3 + 203*t**2 + 672*t + 14440. Give m(-200).
40
Let l(y) = 17441*y + 2755623. What is l(-158)?
-55
Let k(h) = 2*h**3 + 208*h**2 - 202*h - 721. Give k(-105).
-1561
Let o(q) = 120059*q - 360278. What is o(3)?
-101
Let r(q) = 2*q**2 + 1137*q + 159447. What is r(-317)?
-4
Let x(a) = 14*a**3 - 71*a**2 - 97*a + 478. What is x(5)?
-32
Let m(a) = -2*a**2 + 243*a + 1517. What is m(-6)?
-13
Let z(y) = 959*y - 9583. Determine z(10).
7
Let r(i) = 20511*i - 20488. Determine r(1).
23
Let s(b) = -267*b - 18116. What is s(-65)?
-761
Let b(n) = -34323*n + 308842. G